{"id":3,"date":"2010-01-25T12:32:39","date_gmt":"2010-01-25T11:32:39","guid":{"rendered":"http:\/\/www.hausarzt-muehlheim.de\/?page_id=3"},"modified":"2018-03-19T12:07:30","modified_gmt":"2018-03-19T10:07:30","slug":"medizinische-informationen","status":"publish","type":"page","link":"https:\/\/www.hausarzt-muehlheim.de\/index.php\/leistungsangebot\/medizinische-informationen\/","title":{"rendered":"Impfungen"},"content":{"rendered":"<p>In unserer Praxis werden alle Impfungen au\u00dfer der gegen Gelbfieber durchgef\u00fchrt.<\/p>\n<h4>Standard-Impfungen<\/h4>\n<blockquote><p>Impfungen geh\u00f6ren zu den wichtigsten und wirksamsten pr\u00e4ventiven Ma\u00dfnahmen, die in der Medizin zur Verf\u00fcgung stehen. Moderne Impfstoffe sind gut vertr\u00e4glich, und unerw\u00fcnschte Arzneimittelnebenwirkungen werden nur in seltenen F\u00e4llen beobachtet. Unmittelbares Ziel der Impfung ist es, den Geimpften vor einer ansteckenden Krankheit zu sch\u00fctzen. Bei Erreichen hoher Impfquoten ist es m\u00f6glich, einzelne Krankheitserreger regional zu eliminieren und schlie\u00dflich weltweit auszurotten. Die Elimination der Masern und der Poliomyelitis (Kinderl\u00e4hmung) sind erkl\u00e4rte und erreichbare Ziele nationaler und internationaler Gesundheitspolitik. F\u00fcr Poliomyelitis ist dieses Ziel u.a. in Europa bereits erreicht worden.<br \/>\n(Quelle: RKI)<\/p><\/blockquote>\n<p>Gerne \u00fcberpr\u00fcfen wir Ihren Impfstatus und empfehlen Ihnen notwendige Impfungen &#8211; dazu erhalten Sie nach einem pers\u00f6nlichen Beratungsgespr\u00e4ch einen individuellen, schriftlichen Impfplan. Bitte bringen Sie dazu Ihren Impfpass mit. Jede Impfung z\u00e4hlt, daher ist eine m\u00f6glichst vollst\u00e4ndige \u00dcbersicht aller Impfungen seit der Kindheit von Interesse.<\/p>\n<p>Die Kosten f\u00fcr die Beratung sowie Impfungen gem\u00e4\u00df den Empfehlungen der St\u00e4ndigen Impfkommission (STIKO) werden von Ihrer Krankenkasse bzw. Versicherung \u00fcbernommen.<\/p>\n<p>Bei Reisen, Vorerkrankungen oder anderen, z.B. beruflichen Risiken k\u00f6nnen weitere Impfungen empfehlenswert oder sogar vorgeschrieben sein.<\/p>\n<h4>Links zum Thema Impfen<\/h4>\n<ul>\n<li><a href=\"http:\/\/www.rki.de\/DE\/Content\/Kommissionen\/STIKO\/Empfehlungen\/Impfempfehlungen_node.html\" target=\"_blank\">Aktuelle Empfehlungen der St\u00e4ndigen Impfkommission (STIKO)<\/a><\/li>\n<li><a href=\"http:\/\/www.hausarzt-muehlheim.de\/?page_id=229\">Reisemedizinische Beratung bei uns in der Praxis<\/a><\/li>\n<li><a title=\"Impfmythen - \" href=\"http:\/\/www.hausarzt-muehlheim.de\/?p=424\">Impfmythen &#8211; &#8222;Liebe Eltern, Sie werden angelogen!&#8220; Ein Beitrag im Magazin STERN<\/a><\/li>\n<li><a href=\"https:\/\/www.test.de\/FAQ-Impfen-Schluss-mit-den-Impf-Mythen-5300746-0\/\" target=\"_blank\">Stiftung Warentest: Schluss mit den Impfmythen<\/a><\/li>\n<\/ul>\n<p><center><img loading=\"lazy\" decoding=\"async\" src=\"http:\/\/www.hausarzt-muehlheim.de\/wp-content\/uploads\/2010\/01\/Aufkleber_travelNET011.jpg\" alt=\"TravelNet\" width=\"250\" height=\"250\" \/><\/center><\/p>\n","protected":false},"excerpt":{"rendered":"<p>In unserer Praxis werden alle Impfungen au\u00dfer der gegen Gelbfieber durchgef\u00fchrt. Standard-Impfungen Impfungen geh\u00f6ren zu den wichtigsten und wirksamsten pr\u00e4ventiven Ma\u00dfnahmen, die in der Medizin zur Verf\u00fcgung stehen. Moderne Impfstoffe sind gut vertr\u00e4glich, und unerw\u00fcnschte Arzneimittelnebenwirkungen werden nur in seltenen F\u00e4llen beobachtet. Unmittelbares Ziel der Impfung ist es, den Geimpften vor einer ansteckenden Krankheit zu [&hellip;]<\/p>\n","protected":false},"author":1,"featured_media":0,"parent":12,"menu_order":22,"comment_status":"closed","ping_status":"closed","template":"","meta":{"site-sidebar-layout":"default","site-content-layout":"","ast-site-content-layout":"default","site-content-style":"default","site-sidebar-style":"default","ast-global-header-display":"","ast-banner-title-visibility":"","ast-main-header-display":"","ast-hfb-above-header-display":"","ast-hfb-below-header-display":"","ast-hfb-mobile-header-display":"","site-post-title":"","ast-breadcrumbs-content":"","ast-featured-img":"","footer-sml-layout":"","ast-disable-related-posts":"","theme-transparent-header-meta":"","adv-header-id-meta":"","stick-header-meta":"","header-above-stick-meta":"","header-main-stick-meta":"","header-below-stick-meta":"","astra-migrate-meta-layouts":"default","ast-page-background-enabled":"default","ast-page-background-meta":{"desktop":{"background-color":"","background-image":"","background-repeat":"repeat","background-position":"center center","background-size":"auto","background-attachment":"scroll","background-type":"","background-media":"","overlay-type":"","overlay-color":"","overlay-opacity":"","overlay-gradient":""},"tablet":{"background-color":"","background-image":"","background-repeat":"repeat","background-position":"center center","background-size":"auto","background-attachment":"scroll","background-type":"","background-media":"","overlay-type":"","overlay-color":"","overlay-opacity":"","overlay-gradient":""},"mobile":{"background-color":"","background-image":"","background-repeat":"repeat","background-position":"center center","background-size":"auto","background-attachment":"scroll","background-type":"","background-media":"","overlay-type":"","overlay-color":"","overlay-opacity":"","overlay-gradient":""}},"ast-content-background-meta":{"desktop":{"background-color":"var(--ast-global-color-5)","background-image":"","background-repeat":"repeat","background-position":"center center","background-size":"auto","background-attachment":"scroll","background-type":"","background-media":"","overlay-type":"","overlay-color":"","overlay-opacity":"","overlay-gradient":""},"tablet":{"background-color":"var(--ast-global-color-5)","background-image":"","background-repeat":"repeat","background-position":"center center","background-size":"auto","background-attachment":"scroll","background-type":"","background-media":"","overlay-type":"","overlay-color":"","overlay-opacity":"","overlay-gradient":""},"mobile":{"background-color":"var(--ast-global-color-5)","background-image":"","background-repeat":"repeat","background-position":"center center","background-size":"auto","background-attachment":"scroll","background-type":"","background-media":"","overlay-type":"","overlay-color":"","overlay-opacity":"","overlay-gradient":""}},"_FSMCFIC_featured_image_caption":"","_FSMCFIC_featured_image_nocaption":"","_FSMCFIC_featured_image_hide":"","footnotes":""},"class_list":["post-3","page","type-page","status-publish","hentry"],"_links":{"self":[{"href":"https:\/\/www.hausarzt-muehlheim.de\/index.php\/wp-json\/wp\/v2\/pages\/3","targetHints":{"allow":["GET"]}}],"collection":[{"href":"https:\/\/www.hausarzt-muehlheim.de\/index.php\/wp-json\/wp\/v2\/pages"}],"about":[{"href":"https:\/\/www.hausarzt-muehlheim.de\/index.php\/wp-json\/wp\/v2\/types\/page"}],"author":[{"embeddable":true,"href":"https:\/\/www.hausarzt-muehlheim.de\/index.php\/wp-json\/wp\/v2\/users\/1"}],"replies":[{"embeddable":true,"href":"https:\/\/www.hausarzt-muehlheim.de\/index.php\/wp-json\/wp\/v2\/comments?post=3"}],"version-history":[{"count":36,"href":"https:\/\/www.hausarzt-muehlheim.de\/index.php\/wp-json\/wp\/v2\/pages\/3\/revisions"}],"predecessor-version":[{"id":1839,"href":"https:\/\/www.hausarzt-muehlheim.de\/index.php\/wp-json\/wp\/v2\/pages\/3\/revisions\/1839"}],"up":[{"embeddable":true,"href":"https:\/\/www.hausarzt-muehlheim.de\/index.php\/wp-json\/wp\/v2\/pages\/12"}],"wp:attachment":[{"href":"https:\/\/www.hausarzt-muehlheim.de\/index.php\/wp-json\/wp\/v2\/media?parent=3"}],"curies":[{"name":"wp","href":"https:\/\/api.w.org\/{rel}","templated":true}]}}