{"id":2658,"date":"2022-08-09T17:39:07","date_gmt":"2022-08-09T15:39:07","guid":{"rendered":"https:\/\/www.hausarzt-muehlheim.de\/?page_id=2658"},"modified":"2022-08-09T17:39:07","modified_gmt":"2022-08-09T15:39:07","slug":"rechnungsportal-fuer-privatversicherte","status":"publish","type":"page","link":"https:\/\/www.hausarzt-muehlheim.de\/index.php\/rechnungsportal-fuer-privatversicherte\/","title":{"rendered":"Rechnungsportal f\u00fcr Privatversicherte"},"content":{"rendered":"\n<p>Mit einem Klick auf das Bild erhalten Sie Zugriff auf das Patientenportal unserer Privat\u00e4rztlichen Verrechnungsstelle Limburg.<\/p>\n\n\n\n<p><a href=\"https:\/\/www.pvs-rechnung.de\/pvs\/limburg\/a\/50511038\/\">     <\/a><a href=\"https:\/\/www.pvs-rechnung.de\/pvs\/limburg\/a\/50511038\/\" target=\"_blank\" rel=\"noreferrer noopener\"><img decoding=\"async\" src=\"https:\/\/www.pvs-rechnung.de\/img\/faq-kreis.png\"><\/a><\/p>\n\n\n\n<p>Bitte nutzen Sie das Portal bei R\u00fcckfragen zu Ihrer Rechnung, um \u00dcber- oder Doppelzahlungen zu melden usw.<a href=\"https:\/\/www.pvs-rechnung.de\/pvs\/limburg\/a\/50511038\/\"> <\/a>Sie ben\u00f6tigen daf\u00fcr nur Ihre Rechnungsnummer und den Rechnungsbetrag.<\/p>\n\n\n\n<p>Alternativ k\u00f6nnen Sie sich an die Servicenummer 06431 9121-0 (Mo-Do 8-17h, Fr 8-13h) wenden.<\/p>\n","protected":false},"excerpt":{"rendered":"<p>Mit einem Klick auf das Bild erhalten Sie Zugriff auf das Patientenportal unserer Privat\u00e4rztlichen Verrechnungsstelle Limburg. Bitte nutzen Sie das Portal bei R\u00fcckfragen zu Ihrer Rechnung, um \u00dcber- oder Doppelzahlungen zu melden usw. Sie ben\u00f6tigen daf\u00fcr nur Ihre Rechnungsnummer und den Rechnungsbetrag. Alternativ k\u00f6nnen Sie sich an die Servicenummer 06431 9121-0 (Mo-Do 8-17h, Fr 8-13h) [&hellip;]<\/p>\n","protected":false},"author":1,"featured_media":0,"parent":0,"menu_order":0,"comment_status":"closed","ping_status":"closed","template":"","meta":{"site-sidebar-layout":"default","site-content-layout":"","ast-site-content-layout":"default","site-content-style":"default","site-sidebar-style":"default","ast-global-header-display":"","ast-banner-title-visibility":"","ast-main-header-display":"","ast-hfb-above-header-display":"","ast-hfb-below-header-display":"","ast-hfb-mobile-header-display":"","site-post-title":"","ast-breadcrumbs-content":"","ast-featured-img":"","footer-sml-layout":"","ast-disable-related-posts":"","theme-transparent-header-meta":"","adv-header-id-meta":"","stick-header-meta":"","header-above-stick-meta":"","header-main-stick-meta":"","header-below-stick-meta":"","astra-migrate-meta-layouts":"default","ast-page-background-enabled":"default","ast-page-background-meta":{"desktop":{"background-color":"","background-image":"","background-repeat":"repeat","background-position":"center center","background-size":"auto","background-attachment":"scroll","background-type":"","background-media":"","overlay-type":"","overlay-color":"","overlay-opacity":"","overlay-gradient":""},"tablet":{"background-color":"","background-image":"","background-repeat":"repeat","background-position":"center center","background-size":"auto","background-attachment":"scroll","background-type":"","background-media":"","overlay-type":"","overlay-color":"","overlay-opacity":"","overlay-gradient":""},"mobile":{"background-color":"","background-image":"","background-repeat":"repeat","background-position":"center center","background-size":"auto","background-attachment":"scroll","background-type":"","background-media":"","overlay-type":"","overlay-color":"","overlay-opacity":"","overlay-gradient":""}},"ast-content-background-meta":{"desktop":{"background-color":"var(--ast-global-color-5)","background-image":"","background-repeat":"repeat","background-position":"center center","background-size":"auto","background-attachment":"scroll","background-type":"","background-media":"","overlay-type":"","overlay-color":"","overlay-opacity":"","overlay-gradient":""},"tablet":{"background-color":"var(--ast-global-color-5)","background-image":"","background-repeat":"repeat","background-position":"center center","background-size":"auto","background-attachment":"scroll","background-type":"","background-media":"","overlay-type":"","overlay-color":"","overlay-opacity":"","overlay-gradient":""},"mobile":{"background-color":"var(--ast-global-color-5)","background-image":"","background-repeat":"repeat","background-position":"center center","background-size":"auto","background-attachment":"scroll","background-type":"","background-media":"","overlay-type":"","overlay-color":"","overlay-opacity":"","overlay-gradient":""}},"_FSMCFIC_featured_image_caption":"","_FSMCFIC_featured_image_nocaption":"","_FSMCFIC_featured_image_hide":"","footnotes":""},"class_list":["post-2658","page","type-page","status-publish","hentry"],"_links":{"self":[{"href":"https:\/\/www.hausarzt-muehlheim.de\/index.php\/wp-json\/wp\/v2\/pages\/2658","targetHints":{"allow":["GET"]}}],"collection":[{"href":"https:\/\/www.hausarzt-muehlheim.de\/index.php\/wp-json\/wp\/v2\/pages"}],"about":[{"href":"https:\/\/www.hausarzt-muehlheim.de\/index.php\/wp-json\/wp\/v2\/types\/page"}],"author":[{"embeddable":true,"href":"https:\/\/www.hausarzt-muehlheim.de\/index.php\/wp-json\/wp\/v2\/users\/1"}],"replies":[{"embeddable":true,"href":"https:\/\/www.hausarzt-muehlheim.de\/index.php\/wp-json\/wp\/v2\/comments?post=2658"}],"version-history":[{"count":2,"href":"https:\/\/www.hausarzt-muehlheim.de\/index.php\/wp-json\/wp\/v2\/pages\/2658\/revisions"}],"predecessor-version":[{"id":3377,"href":"https:\/\/www.hausarzt-muehlheim.de\/index.php\/wp-json\/wp\/v2\/pages\/2658\/revisions\/3377"}],"wp:attachment":[{"href":"https:\/\/www.hausarzt-muehlheim.de\/index.php\/wp-json\/wp\/v2\/media?parent=2658"}],"curies":[{"name":"wp","href":"https:\/\/api.w.org\/{rel}","templated":true}]}}