{"id":1882,"date":"2018-05-07T14:35:54","date_gmt":"2018-05-07T12:35:54","guid":{"rendered":"http:\/\/www.hausarzt-muehlheim.de\/?page_id=1882"},"modified":"2018-05-07T14:35:54","modified_gmt":"2018-05-07T12:35:54","slug":"versorgungsassistentin-verah","status":"publish","type":"page","link":"https:\/\/www.hausarzt-muehlheim.de\/index.php\/mitarbeiter\/versorgungsassistentin-verah\/","title":{"rendered":"Versorgungsassistentin VERAH"},"content":{"rendered":"<p><img loading=\"lazy\" decoding=\"async\" class=\"aligncenter\" src=\"http:\/\/www.hausarzt-muehlheim.de\/wp-content\/uploads\/2018\/05\/verah-dorle.jpg\" alt=\"Dorle Vondung wird Versorgungsassistentin VERAH\" width=\"280\" height=\"420\" align=\"Center\"><\/p>\n<p>In unserer Praxis ist Frau Dorle Vondung als Versorgungsassistentin VERAH t\u00e4tig. Sie ist staatlich gepr\u00fcfte Physiotherapeutin, arbeitet seit 2011 in der Praxis mit und hat sich 2018 beim Institut f\u00fcr Haus\u00e4rztliche Fortbildung zur VERAH qualifiziert.<\/p>\n<p>Dies kommt insbesondere unseren chronisch kranken Patienten zugute, die im Rahmen von Hausbesuchen versorgt werden. Auch Menschen, die aufgrund einer schweren Erkrankung vermehrt hilfsbed\u00fcrftig sind, k\u00f6nnen von ihrer T\u00e4tigkeit profitieren.<\/p>\n<blockquote><p><cite>Quelle: verah.de<\/cite><\/p>\n<ul>\n<li>VERAH motivieren die Patienten, sich aktiv an den Diagnose- und Therapiema\u00dfnahmen zu beteiligen.<\/li>\n<li>Sie unterst\u00fctzen den Hausarzt durch standardisierte Methoden und Techniken bei der Versorgung und beim Fallmanagement der Patienten.<\/li>\n<li>Sie erstellen in Zusammenarbeit mit Patient und Hausarzt individuelle Versorgungspl\u00e4ne.<\/li>\n<li>Sie sch\u00e4tzen die individuelle Patientensituation unter Verwendung der g\u00e4ngigen Assessmentverfahren ein.<\/li>\n<li>Sie f\u00fchren delegierte Hausbesuche eigenst\u00e4ndig durch und unterst\u00fctzen den Hausarzt bei Diagnose-, Therapie- und Pr\u00e4ventionsma\u00dfnahmen.<\/li>\n<li>Sie bilden eine Schnittstelle zwischen Arzt, Patient und den sozialen Netzwerken (Ambulante Pflegedienste, Sanit\u00e4tsh\u00e4user, Fach\u00e4rzte, Krankenh\u00e4user, Patientenselbsthilfegruppen usw.).<\/li>\n<li>Sie entlasten den Arzt durch Beurteilung und Dokumentation der chronischen Wunden und f\u00fchren in Abstimmung die Behandlung selbst\u00e4ndig durch.<\/li>\n<li>VERAH optimieren laufend die Effizienz des Praxismanagements.<\/li>\n<\/ul>\n<\/blockquote>\n","protected":false},"excerpt":{"rendered":"<p>In unserer Praxis ist Frau Dorle Vondung als Versorgungsassistentin VERAH t\u00e4tig. Sie ist staatlich gepr\u00fcfte Physiotherapeutin, arbeitet seit 2011 in der Praxis mit und hat sich 2018 beim Institut f\u00fcr Haus\u00e4rztliche Fortbildung zur VERAH qualifiziert. Dies kommt insbesondere unseren chronisch kranken Patienten zugute, die im Rahmen von Hausbesuchen versorgt werden. Auch Menschen, die aufgrund einer [&hellip;]<\/p>\n","protected":false},"author":1,"featured_media":0,"parent":18,"menu_order":50,"comment_status":"closed","ping_status":"closed","template":"","meta":{"site-sidebar-layout":"default","site-content-layout":"","ast-site-content-layout":"default","site-content-style":"default","site-sidebar-style":"default","ast-global-header-display":"","ast-banner-title-visibility":"","ast-main-header-display":"","ast-hfb-above-header-display":"","ast-hfb-below-header-display":"","ast-hfb-mobile-header-display":"","site-post-title":"","ast-breadcrumbs-content":"","ast-featured-img":"","footer-sml-layout":"","ast-disable-related-posts":"","theme-transparent-header-meta":"","adv-header-id-meta":"","stick-header-meta":"","header-above-stick-meta":"","header-main-stick-meta":"","header-below-stick-meta":"","astra-migrate-meta-layouts":"default","ast-page-background-enabled":"default","ast-page-background-meta":{"desktop":{"background-color":"","background-image":"","background-repeat":"repeat","background-position":"center center","background-size":"auto","background-attachment":"scroll","background-type":"","background-media":"","overlay-type":"","overlay-color":"","overlay-opacity":"","overlay-gradient":""},"tablet":{"background-color":"","background-image":"","background-repeat":"repeat","background-position":"center center","background-size":"auto","background-attachment":"scroll","background-type":"","background-media":"","overlay-type":"","overlay-color":"","overlay-opacity":"","overlay-gradient":""},"mobile":{"background-color":"","background-image":"","background-repeat":"repeat","background-position":"center center","background-size":"auto","background-attachment":"scroll","background-type":"","background-media":"","overlay-type":"","overlay-color":"","overlay-opacity":"","overlay-gradient":""}},"ast-content-background-meta":{"desktop":{"background-color":"var(--ast-global-color-5)","background-image":"","background-repeat":"repeat","background-position":"center center","background-size":"auto","background-attachment":"scroll","background-type":"","background-media":"","overlay-type":"","overlay-color":"","overlay-opacity":"","overlay-gradient":""},"tablet":{"background-color":"var(--ast-global-color-5)","background-image":"","background-repeat":"repeat","background-position":"center center","background-size":"auto","background-attachment":"scroll","background-type":"","background-media":"","overlay-type":"","overlay-color":"","overlay-opacity":"","overlay-gradient":""},"mobile":{"background-color":"var(--ast-global-color-5)","background-image":"","background-repeat":"repeat","background-position":"center center","background-size":"auto","background-attachment":"scroll","background-type":"","background-media":"","overlay-type":"","overlay-color":"","overlay-opacity":"","overlay-gradient":""}},"_FSMCFIC_featured_image_caption":"","_FSMCFIC_featured_image_nocaption":"","_FSMCFIC_featured_image_hide":"","footnotes":""},"class_list":["post-1882","page","type-page","status-publish","hentry"],"_links":{"self":[{"href":"https:\/\/www.hausarzt-muehlheim.de\/index.php\/wp-json\/wp\/v2\/pages\/1882","targetHints":{"allow":["GET"]}}],"collection":[{"href":"https:\/\/www.hausarzt-muehlheim.de\/index.php\/wp-json\/wp\/v2\/pages"}],"about":[{"href":"https:\/\/www.hausarzt-muehlheim.de\/index.php\/wp-json\/wp\/v2\/types\/page"}],"author":[{"embeddable":true,"href":"https:\/\/www.hausarzt-muehlheim.de\/index.php\/wp-json\/wp\/v2\/users\/1"}],"replies":[{"embeddable":true,"href":"https:\/\/www.hausarzt-muehlheim.de\/index.php\/wp-json\/wp\/v2\/comments?post=1882"}],"version-history":[{"count":2,"href":"https:\/\/www.hausarzt-muehlheim.de\/index.php\/wp-json\/wp\/v2\/pages\/1882\/revisions"}],"predecessor-version":[{"id":1886,"href":"https:\/\/www.hausarzt-muehlheim.de\/index.php\/wp-json\/wp\/v2\/pages\/1882\/revisions\/1886"}],"up":[{"embeddable":true,"href":"https:\/\/www.hausarzt-muehlheim.de\/index.php\/wp-json\/wp\/v2\/pages\/18"}],"wp:attachment":[{"href":"https:\/\/www.hausarzt-muehlheim.de\/index.php\/wp-json\/wp\/v2\/media?parent=1882"}],"curies":[{"name":"wp","href":"https:\/\/api.w.org\/{rel}","templated":true}]}}