{"id":12,"date":"2010-01-29T09:13:38","date_gmt":"2010-01-29T08:13:38","guid":{"rendered":"http:\/\/www.hausarzt-muehlheim.de\/?page_id=12"},"modified":"2025-06-18T12:24:01","modified_gmt":"2025-06-18T10:24:01","slug":"leistungsangebot","status":"publish","type":"page","link":"https:\/\/www.hausarzt-muehlheim.de\/index.php\/leistungsangebot\/","title":{"rendered":"Leistungsangebot"},"content":{"rendered":"\n<ul class=\"wp-block-list\">\n<li>Haus\u00e4rztliche Betreuung und Behandlung<br>Lebenslange, einf\u00fchlsame, haus\u00e4rztliche Betreuung und Behandlung nach den aktuellen haus\u00e4rztlichen Leitlinien und medizinischen Erkenntnissen<\/li>\n\n\n\n<li><a rel=\"noopener\" href=\"http:\/\/www.hausarzt-muehlheim.de\/wp-content\/uploads\/2014\/09\/Merkblatt-Jugendschutzuntersuchung.pdf\" target=\"_blank\">Jugendschutzuntersuchungen<\/a><\/li>\n\n\n\n<li>Hausbesuche oder Besuche in Pflegeheimen<br>in dringenden F\u00e4llen oder bei immobilen Patienten<\/li>\n\n\n\n<li>Gesundheitsuntersuchung<br>(&#8222;Check-up&#8220;) gem\u00e4\u00df den Vorgaben der Krankenkassen oder Versicherungen (i.d.R. ab dem 35. Geburtstag)<\/li>\n\n\n\n<li>Hautkrebsscreening<br>gem\u00e4\u00df den Vorgaben der Krankenkassen oder Versicherungen<\/li>\n\n\n\n<li><a href=\"https:\/\/www.hausarzt-muehlheim.de\/index.php\/hautkrebsscreening-zwischen-18-und-35\/\" data-type=\"post\" data-id=\"3383\">Hautkrebsscreening zwischn 18 und 35 Jahren<\/a><\/li>\n\n\n\n<li>Vorsorgeprogramme<br>DMP Typ II-Diabetes, koronare Herzkrankheit (KHK), Asthma bronchiale und chronische Bronchitis (COPD)<\/li>\n\n\n\n<li>Akupunktur*<\/li>\n\n\n\n<li>Flugmedizinische Gutachten und Tauglichkeitsuntersuchungen*<\/li>\n\n\n\n<li>Untersuchungen zur Sporttauglichkeit gem\u00e4\u00df den Empfehlungen der Deutschen Gesellschaft f\u00fcr Sportmedizin*<br>f\u00fcr Kinder und Erwachsene<\/li>\n\n\n\n<li>Tauchsportuntersuchung*<\/li>\n\n\n\n<li><a title=\"Impfungen\" href=\"http:\/\/www.hausarzt-muehlheim.de\/?page_id=3\">Allgemeine Impfberatung<\/a><br>gem\u00e4\u00df den Empfehlungen der St\u00e4ndigen Impfkommission<\/li>\n\n\n\n<li><a title=\"Impfungen\" href=\"http:\/\/www.hausarzt-muehlheim.de\/?page_id=229\">Reisemedizinische Beratung<\/a>* und Durchf\u00fchrung aller Impfungen (z.T. *) au\u00dfer Gelbfieber<\/li>\n\n\n\n<li>\u00dcberpr\u00fcfung Ihrer Haus- und Reiseapotheke<\/li>\n\n\n\n<li>24-Stunden-Blutdruckmessung (ABDM)<\/li>\n\n\n\n<li>EKG (Aufzeichnung der Herzstr\u00f6me) und Ergometrie (Belastungs-EKG)<\/li>\n\n\n\n<li>Lungenfunktionspr\u00fcfung (Spirometrie)<\/li>\n\n\n\n<li>Sonographie (Ultraschalldiagnostik)<br>Abdomen (Bauchorgane), Retroperitoneum (Bauchspeicheldr\u00fcse, gro\u00dfe Bauchgef\u00e4\u00dfe etc.), Schilddr\u00fcse, Herz und hirnversorgende Blutgef\u00e4\u00dfe<\/li>\n\n\n\n<li>Diagnostik schlafbezogener Atemst\u00f6rungen (Schlafapnoescreening)<\/li>\n\n\n\n<li>Therapiekontrolle einer n\u00e4chtlichen CPAP-Beatmung<\/li>\n\n\n\n<li>arterielle Verschlussdruckmessung<br>(Untersuchung der Blutgef\u00e4\u00dfe bei Verdacht auf Durchblutungsst\u00f6rungen)<\/li>\n\n\n\n<li>therapeutische Lokalan\u00e4sthesie<\/li>\n\n\n\n<li>Psychosomatische Grundversorgung<\/li>\n\n\n\n<li>Beratung zu Patientenverf\u00fcgung, Vorsorgevollmacht und Betreuungsverf\u00fcgung*<\/li>\n\n\n\n<li>Sterbebegleitung<\/li>\n<\/ul>\n\n\n\n<p>Die mit *) markierten Angebote sind nicht regelhaft Leistung der gesetzlichen Krankenversicherung. Alle \u00fcbrigen angegebenen Leistungen werden nur bei \u00e4rztlich gestellter Indikation durchgef\u00fchrt. Bitte sprechen Sie uns an!<\/p>\n\n\n\n<p>Bitte haben Sie Verst\u00e4ndnis, wenn wir aus rechtlichen Gr\u00fcnden keine medizinische Beratungen \u00fcber Telefon oder Email durchf\u00fchren<\/p>\n","protected":false},"excerpt":{"rendered":"<p>Die mit *) markierten Angebote sind nicht regelhaft Leistung der gesetzlichen Krankenversicherung. Alle \u00fcbrigen angegebenen Leistungen werden nur bei \u00e4rztlich gestellter Indikation durchgef\u00fchrt. Bitte sprechen Sie uns an! Bitte haben Sie Verst\u00e4ndnis, wenn wir aus rechtlichen Gr\u00fcnden keine medizinische Beratungen \u00fcber Telefon oder Email durchf\u00fchren<\/p>\n","protected":false},"author":1,"featured_media":0,"parent":0,"menu_order":20,"comment_status":"closed","ping_status":"closed","template":"","meta":{"site-sidebar-layout":"default","site-content-layout":"default","ast-site-content-layout":"default","site-content-style":"default","site-sidebar-style":"default","ast-global-header-display":"","ast-banner-title-visibility":"","ast-main-header-display":"","ast-hfb-above-header-display":"","ast-hfb-below-header-display":"","ast-hfb-mobile-header-display":"","site-post-title":"","ast-breadcrumbs-content":"","ast-featured-img":"","footer-sml-layout":"","ast-disable-related-posts":"","theme-transparent-header-meta":"default","adv-header-id-meta":"","stick-header-meta":"","header-above-stick-meta":"","header-main-stick-meta":"","header-below-stick-meta":"","astra-migrate-meta-layouts":"set","ast-page-background-enabled":"default","ast-page-background-meta":{"desktop":{"background-color":"","background-image":"","background-repeat":"repeat","background-position":"center center","background-size":"auto","background-attachment":"scroll","background-type":"","background-media":"","overlay-type":"","overlay-color":"","overlay-opacity":"","overlay-gradient":""},"tablet":{"background-color":"","background-image":"","background-repeat":"repeat","background-position":"center center","background-size":"auto","background-attachment":"scroll","background-type":"","background-media":"","overlay-type":"","overlay-color":"","overlay-opacity":"","overlay-gradient":""},"mobile":{"background-color":"","background-image":"","background-repeat":"repeat","background-position":"center center","background-size":"auto","background-attachment":"scroll","background-type":"","background-media":"","overlay-type":"","overlay-color":"","overlay-opacity":"","overlay-gradient":""}},"ast-content-background-meta":{"desktop":{"background-color":"var(--ast-global-color-5)","background-image":"","background-repeat":"repeat","background-position":"center center","background-size":"auto","background-attachment":"scroll","background-type":"","background-media":"","overlay-type":"","overlay-color":"","overlay-opacity":"","overlay-gradient":""},"tablet":{"background-color":"var(--ast-global-color-5)","background-image":"","background-repeat":"repeat","background-position":"center center","background-size":"auto","background-attachment":"scroll","background-type":"","background-media":"","overlay-type":"","overlay-color":"","overlay-opacity":"","overlay-gradient":""},"mobile":{"background-color":"var(--ast-global-color-5)","background-image":"","background-repeat":"repeat","background-position":"center center","background-size":"auto","background-attachment":"scroll","background-type":"","background-media":"","overlay-type":"","overlay-color":"","overlay-opacity":"","overlay-gradient":""}},"_FSMCFIC_featured_image_caption":"","_FSMCFIC_featured_image_nocaption":"","_FSMCFIC_featured_image_hide":"","footnotes":""},"class_list":["post-12","page","type-page","status-publish","hentry"],"_links":{"self":[{"href":"https:\/\/www.hausarzt-muehlheim.de\/index.php\/wp-json\/wp\/v2\/pages\/12","targetHints":{"allow":["GET"]}}],"collection":[{"href":"https:\/\/www.hausarzt-muehlheim.de\/index.php\/wp-json\/wp\/v2\/pages"}],"about":[{"href":"https:\/\/www.hausarzt-muehlheim.de\/index.php\/wp-json\/wp\/v2\/types\/page"}],"author":[{"embeddable":true,"href":"https:\/\/www.hausarzt-muehlheim.de\/index.php\/wp-json\/wp\/v2\/users\/1"}],"replies":[{"embeddable":true,"href":"https:\/\/www.hausarzt-muehlheim.de\/index.php\/wp-json\/wp\/v2\/comments?post=12"}],"version-history":[{"count":31,"href":"https:\/\/www.hausarzt-muehlheim.de\/index.php\/wp-json\/wp\/v2\/pages\/12\/revisions"}],"predecessor-version":[{"id":3386,"href":"https:\/\/www.hausarzt-muehlheim.de\/index.php\/wp-json\/wp\/v2\/pages\/12\/revisions\/3386"}],"wp:attachment":[{"href":"https:\/\/www.hausarzt-muehlheim.de\/index.php\/wp-json\/wp\/v2\/media?parent=12"}],"curies":[{"name":"wp","href":"https:\/\/api.w.org\/{rel}","templated":true}]}}